what is -28 + 18a1062?
18a1037
In base 13, what is -1c2 + 1b97b?
1b789
In base 9, what is -4 - 88036228?
-88036233
In base 14, what is 4 - 1a15587?
-1a15583
In base 2, what is 1001010000011010101110 - -110010?
1001010000011011100000
In base 3, what is -101210102211122001 - 2?
-101210102211122010
In base 10, what is -331590038 + -1?
-331590039
In base 15, what is -825 - 1c5c1?
-1cde6
In base 3, what is -111001202021112 + 2?
-111001202021110
In base 11, what is -5 - 10a84337?
-10a84341
In base 3, what is 1202211 - -202101?
2112012
In base 16, what is -8a5 + -60a?
-eaf
In base 9, what is -15816875 + -17?
-15817003
In base 4, what is 1333133 - 210231?
1122302
In base 8, what is 64212 + 44117?
130331
In base 9, what is -4 + -50245147?
-50245152
In base 3, what is 210022200211010220 - 2?
210022200211010211
In base 6, what is 3 - 4035354121?
-4035354114
In base 13, what is -18376a3c - 4?
-18376a43
In base 10, what is -38 + 436066?
436028
In base 10, what is -3 - 12939615?
-12939618
In base 2, what is -101010000111100001 - 1001001000101?
-101011010000100110
In base 2, what is -11 + -1101011101101110100110?
-1101011101101110101001
In base 7, what is 403504 - 3055?
400416
In base 16, what is 499b - 2880?
211b
In base 14, what is -1a5d1b13 + -2?
-1a5d1b15
In base 13, what is -9a35c + 110?
-9a24c
In base 16, what is 2246c - 6d?
223ff
In base 8, what is -167106643 - -12?
-167106631
In base 3, what is -21110121221 - -10012221?
-21100102000
In base 3, what is -11 + 2011210010222?
2011210010211
In base 11, what is -71058466 + -1?
-71058467
In base 14, what is 23a5 - -c04?
31a9
In base 16, what is -11 - 3607?
-3618
In base 14, what is -3 + 66181ab?
66181a8
In base 11, what is -22a167 + 1754?
-228513
In base 13, what is 26922 + -6b?
26884
In base 13, what is b83b + -54?
b7b7
In base 4, what is 21220103203 + -10023?
21220033120
In base 13, what is 157185 + -926?
15655c
In base 15, what is -24 - -216c1d?
216be9
In base 9, what is -282 + -8476802?
-8477184
In base 16, what is -29b3 - 1e64?
-4817
In base 11, what is 2 + 260a42a?
260a431
In base 7, what is 622012 - 1635?
620044
In base 6, what is -4254 - 1505321?
-1514015
In base 16, what is -16f04cd5 - -5?
-16f04cd0
In base 9, what is -2 - -54777347?
54777345
In base 3, what is 201212 + -2202021210121?
-2202021001202
In base 12, what is -163b + 23a9a?
2245b
In base 2, what is -11011110100000101100110 - -101?
-11011110100000101100001
In base 2, what is 110011011001010110 + 11010111110?
110011110100010100
In base 8, what is -5 - -623336011?
623336004
In base 2, what is 110000011 + -1000001100000?
-111011011101
In base 15, what is 2 + 205dd9?
205ddb
In base 5, what is -12131314441 - 11?
-12131320002
In base 3, what is 21110020 - 20011021?
1021222
In base 2, what is 1101010111100011010111110010 - 100?
1101010111100011010111101110
In base 12, what is -7 - 2560339?
-2560344
In base 6, what is -133 + 133042301?
133042124
In base 9, what is 225325 + -4?
225321
In base 14, what is -18ac0 + -153?
-18c33
In base 11, what is -147a8 + -399?
-15096
In base 10, what is -16 + -459795?
-459811
In base 12, what is 238935 + -190?
238765
In base 3, what is 2110110 - -221011101?
1000121211
In base 14, what is 3a99 + 486?
4141
In base 12, what is -4145 + 66b?
-3696
In base 10, what is -4 - -9295827?
9295823
In base 2, what is 1000000001000101011110011 + -1?
1000000001000101011110010
In base 7, what is -224315 - -120?
-224165
In base 14, what is 5292942 - 2?
5292940
In base 16, what is -13764b - 3?
-13764e
In base 12, what is 3216 - 732?
26a4
In base 15, what is 0 - 254174d?
-254174d
In base 10, what is -104786 - 102?
-104888
In base 16, what is -74 + -e060?
-e0d4
In base 8, what is -62351332 - -101?
-62351231
In base 10, what is 692575894 + 4?
692575898
In base 9, what is -287386784 + 6?
-287386777
In base 15, what is -7103069 + 4?
-7103065
In base 15, what is -3eb50c5 - -3?
-3eb50c2
In base 8, what is 1337520475 - 6?
1337520467
In base 12, what is -1a332 + -2066?
-20398
In base 16, what is 7e8f + -1ff4?
5e9b
In base 14, what is -78a - 12bd?
-1a69
In base 10, what is -4 - -184911650?
184911646
In base 12, what is 7 + 2b4a3b?
2b4a46
In base 12, what is 543 + 95223?
95766
In base 6, what is -155033 - 24?
-155101
In base 12, what is -5087 + 29a8?
-229b
In base 10, what is -6082 + 1810?
-4272
In base 6, what is -5 + 14321435?
14321430
In base 7, what is 446453 + -261?
446162
In base 2, what is 111 - -100001101011100110101000?
100001101011100110101111
In base 16, what is 0 + -1184514?
-1184514
In base 16, what is -19e9 + -400?
-1de9
In base 13, what is 6 - -31b0a2b?
31b0a34
In base 12, what is 367 + 1b667?
1ba12
In base 5, what is 14024424132 + 2?
14024424134
In base 14, what is 30 + 5c147b?
5c14ab
In base 8, what is 1227234 - -4?
1227240
In base 11, what is 573 + -1352?
-88a
In base 16, what is -5 - -248786?
248781
In base 7, what is -11 - -2134013?
2134002
In base 2, what is -1 + 101101100100111111001?
101101100100111111000
In base 12, what is 1163 - -b2a?
2091
In base 10, what is 5 - -4484239?
4484244
In base 4, what is -332221031 - 102012?
-332323103
In base 7, what is 604221452 - -14?
604221466
In base 9, what is -14 - 2015084?
-2015108
In base 9, what is -2305 - 1784807?
-1787213
In base 10, what is -2 + 1349604?
1349602
In base 14, what is -11d227 + 73?
-11d194
In base 6, what is 10523535 - 2?
10523533
In base 3, what is 1000212 - -1111002210212?
1111010211201
In base 5, what is -4130021 + 2424?
-4122042
In base 16, what is -41091 + 6?
-4108b
In base 10, what is -260009039 - -1?
-260009038
In base 9, what is 70680 + 106?
70786
In base 15, what is -4 + c52c62?
c52c5d
In base 9, what is 268744 - -1343?
271187
In base 10, what is 25 - -778758?
778783
In base 15, what is 1c - 51321b?
-5131ee
In base 5, what is 10 + 13243110000?
13243110010
In base 5, what is -10104 - 22020300?
-22030404
In base 16, what is 48 + 33e56?
33e9e
In base 8, what is 11234360400 + 0?
11234360400
In base 8, what is 22253753 - 1?
22253752
In base 4, what is 111103202 - 123121?
110320021
In base 15, what is -54 - -6d6d7?
6d683
In base 10, what is -360 - -1115699?
1115339
In base 12, what is 849480 + -97?
8493a5
In base 12, what is b128b0a5 + -2?
b128b0a3
In base 16, what is -2a1125 - 8?
-2a112d
In base 8, what is -7262 + 103623?
74341
In base 16, what is -2 - cbd791?
-cbd793
In base 10, what is 115544473 + 1?
115544474
In base 13, what is a4 + 11a89?
11b60
In base 12, what is -27a492186 + 0?
-27a492186
In base 16, what is -6e + -41b?
-489
In base 8, what is 2447 + -111124?
-106455
In base 12, what is -610aa + 6?
-610a4
In base 5, what is -2232443314 - -120?
-2232443144
In base 13, what is -a02a17 - 188?
-a02ba2
In base 5, what is 1233001212 - -44?
1233001311
In base 13, what is 1b + 176a625?
176a643
In base 8, what is -5020415 + 15?
-5020400
In base 11, what is -73 + a5728?
a5665
In base 6, what is -344 - -43334415?
43334031
In base 8, what is -14335 - -13057?
-1256
In base 15, what is 3765d + ca?
37738
In base 10, what is -59 - -57827?
57768
In base 13, what is 89ba0 - 1a?
89b83
In base 7, what is 156616362 - 22?
156616340
In base 11, what is 5 - 45525647?
-45525642
In base 7, what is 413 + -1524135?
-1523422
In base 14, what is -4569 - -448?
-4121
In base 5, what is -411 - 32032214?
-32033130
In base 14, what is 1747461 - 3?
174745c
In base 14, what is 0 - -92a68a8?
92a68a8
In base 4, what is -101322 + -1132012?
-1300000
In base 10, what is -8 - 1615387?
-1615395
In base 11, what is -54555 + -666?
-55110
In base 2, what is -1000000101000000010010001 - -100?
-1000000101000000010001101
In base 5, what is 12433223 + -122202?
12311021
In base 9, what is -5050 - 105810?
-111860
In base 4, what is 111 + 230321010012?
230321010123
In base 10, what is -1 - -2600680?
2600679
In base 5, what is 10 + -2022111211?
-2022111201
In base 3, what is -1020120 - -22122020?
21101200
In base 6, what is -55400 + 3313?
-52043
In base 8, what is 4410315 + 72?
4410407
In base 14, what is -5 + -b7988c6?
-b7988cb
In base 2, what is 100001101010011000010010 + -101?
100001101010011000001101
In base 9, what is -14 - 4285773?
-4285787
In base 8, what is -4 - -34217561?
34217555
In base 16, what is 10 + -14e56f?
-14e55f
In base 15, what is 2892 - 77?
281a
In base 12, what is 5 - -48026aa?
4